70259
What are the prime factors of 23681006?
2, 1163, 10181
What are the prime factors of 132700010?
2, 5, 61, 211, 1031
List the prime factors of 12231797.
47, 97, 2683
What are the prime factors of 50416542?
2, 3, 11, 89, 2861
What are the prime factors of 2089299584?
2, 19, 359, 2393
What are the prime factors of 78391312?
2, 31, 158047
List the prime factors of 6420189.
3, 61, 35083
What are the prime factors of 589752871?
589752871
List the prime factors of 38905561.
113, 127, 2711
List the prime factors of 984664830.
2, 3, 5, 67, 467, 1049
List the prime factors of 147032096.
2, 4594753
List the prime factors of 1580991967.
1123, 1407829
List the prime factors of 77120287.
61, 1264267
List the prime factors of 794745872.
2, 49671617
List the prime factors of 489250919.
1361, 359479
What are the prime factors of 34015628?
2, 8503907
List the prime factors of 1677359953.
43, 53, 736007
What are the prime factors of 70993274?
2, 11, 3226967
List the prime factors of 329196049.
7, 13, 1493, 2423
What are the prime factors of 1082307979?
37, 43, 79, 109
What are the prime factors of 13252494?
2, 3, 61, 36209
What are the prime factors of 9010824077?
41, 199, 1104403
List the prime factors of 123530033.
11, 23, 488261
List the prime factors of 1321342943.
137, 9644839
List the prime factors of 4514826313.
71, 131, 421, 1153
What are the prime factors of 44784806?
2, 11, 277, 7349
What are the prime factors of 38686723?
38686723
What are the prime factors of 977031568?
2, 71, 860063
What are the prime factors of 133842568?
2, 509, 32869
List the prime factors of 643742472.
2, 3, 26822603
What are the prime factors of 42140585?
5, 193, 43669
What are the prime factors of 433012818?
2, 3, 7, 10309829
What are the prime factors of 733517636?
2, 13249, 13841
What are the prime factors of 58240448?
2, 7, 71, 1831
List the prime factors of 38270841.
3, 7, 1163, 1567
List the prime factors of 9742564.
2, 13, 17, 103, 107
What are the prime factors of 39491105?
5, 7898221
List the prime factors of 1610991831.
3, 536997277
What are the prime factors of 404171723?
1109, 364447
List the prime factors of 418761027.
3, 46529003
What are the prime factors of 16008722?
2, 401, 19961
List the prime factors of 155227418.
2, 77613709
List the prime factors of 337583913.
3, 71, 1584901
What are the prime factors of 77497880?
2, 5, 149, 13003
What are the prime factors of 256573693?
2087, 122939
List the prime factors of 209095002.
2, 3, 17, 683317
List the prime factors of 130066547.
13, 10005119
What are the prime factors of 1896444355?
5, 13, 29176067
List the prime factors of 44164226.
2, 22082113
List the prime factors of 986795544.
2, 3, 7, 41, 143263
List the prime factors of 630720322.
2, 197, 1600813
What are the prime factors of 91631273?
677, 135349
What are the prime factors of 540392866?
2, 13, 23, 73, 12379
List the prime factors of 73880242.
2, 1093, 33797
List the prime factors of 4660278165.
3, 5, 34520579
List the prime factors of 3690757696.
2, 37, 1558597
List the prime factors of 62896432.
2, 3931027
List the prime factors of 124153284.
2, 3, 10346107
List the prime factors of 66874732.
2, 1801, 9283
What are the prime factors of 71236247?
73, 571, 1709
What are the prime factors of 23610357?
3, 2623373
List the prime factors of 12726333.
3, 19, 3917
What are the prime factors of 49305649?
43, 131, 8753
List the prime factors of 299961315.
3, 5, 251, 26557
What are the prime factors of 555518958?
2, 3, 919, 100747
List the prime factors of 455727671.
7, 65103953
List the prime factors of 763696357.
8369, 91253
List the prime factors of 62962002.
2, 3, 1013, 1151
What are the prime factors of 151690012?
2, 499, 75997
List the prime factors of 646956168.
2, 3, 26956507
What are the prime factors of 93449592?
2, 3, 432637
What are the prime factors of 507404736?
2, 3, 97879
List the prime factors of 3166228088.
2, 1301, 304211
List the prime factors of 7174335235.
5, 4877, 294211
What are the prime factors of 39113308?
2, 13, 223, 3373
What are the prime factors of 590729763?
3, 13, 41, 571, 647
What are the prime factors of 6025620903?
3, 37, 54284873
List the prime factors of 48226648.
2, 6028331
List the prime factors of 135912957.
3, 23, 71, 27743
What are the prime factors of 2873229661?
151, 19028011
What are the prime factors of 1780325208?
2, 3, 24726739
List the prime factors of 120616808.
2, 13, 1159777
What are the prime factors of 83703789?
3, 13, 715417
What are the prime factors of 55563809?
7, 19, 417773
What are the prime factors of 4171166083?
7, 19, 2663, 11777
List the prime factors of 763707110.
2, 5, 113, 419, 1613
What are the prime factors of 132564328?
2, 13, 317, 4021
What are the prime factors of 36845725?
5, 7, 311, 677
List the prime factors of 357341370.
2, 3, 5, 53, 224743
List the prime factors of 33837185.
5, 6767437
What are the prime factors of 150489024?
2, 3, 7, 41, 2731
List the prime factors of 4100663166.
2, 3, 97, 7045813
List the prime factors of 672119738.
2, 336059869
What are the prime factors of 89646377?
41, 193, 11329
What are the prime factors of 280045990?
2, 5, 7, 41, 97577
List the prime factors of 17133771.
3, 5711257
List the prime factors of 577533121.
11, 109, 43789
What are the prime factors of 135254125?
5, 17, 63649
What are the prime factors of 104915348?
2, 26228837
List the prime factors of 208421008.
2, 3089, 4217
What are the prime factors of 54298753?
54298753
List the prime factors of 162267994.
2, 7, 11590571
List the prime factors of 169798569.
3, 67, 844769
What are the prime factors of 327736257?
3, 109245419
List the prime factors of 22462194.
2, 3, 3743699
What are the prime factors of 1668177957?
3, 1279, 434761
What are the prime factors of 5148463927?
11119, 463033
What are the prime factors of 581936629?
37, 15728017
List the prime factors of 1952182857.
3, 650727619
List the prime factors of 190784106.
2, 3, 31, 113969
What are the prime factors of 637426504?
2, 11, 13, 193, 2887
What are the prime factors of 131494159?
131494159
List the prime factors of 243763417.
709, 343813
List the prime factors of 506703887.
17, 1973, 15107
What are the prime factors of 586189166?
2, 293094583
What are the prime factors of 173991189?
3, 19, 31, 98467
List the prime factors of 232193323.
251, 925073
List the prime factors of 28254894.
2, 3, 4709149
List the prime factors of 149676625.
5, 7, 3491
What are the prime factors of 56010884?
2, 131, 139, 769
List the prime factors of 43849143.
3, 13, 89, 4211
What are the prime factors of 32712494?
2, 1657, 9871
List the prime factors of 82228508.
2, 71, 139, 2083
List the prime factors of 104598891.
3, 307, 12619
What are the prime factors of 1017647322?
2, 3, 67, 37783
List the prime factors of 764061853.
764061853
List the prime factors of 36434977.
36434977
What are the prime factors of 117611658?
2, 3, 6533981
What are the prime factors of 162357897?
3, 13, 23, 181001
List the prime factors of 83022343.
19, 113, 38669
List the prime factors of 88074816.
2, 3, 647, 709
What are the prime factors of 356579377?
7, 11, 73, 79
What are the prime factors of 668827760?
2, 5, 8360347
List the prime factors of 66046983.
3, 19, 1158719
What are the prime factors of 1380047740?
2, 5, 7187, 9601
List the prime factors of 58234164.
2, 3, 19, 255413
What are the prime factors of 166466676?
2, 3, 19, 491, 1487
What are the prime factors of 62491989?
3, 7, 23, 109, 1187
List the prime factors of 898423655.
5, 179684731
List the prime factors of 22538648.
2, 11, 256121
What are the prime factors of 1289946194?
2, 5981, 107837
List the prime factors of 70599039.
3, 7, 67, 50177
What are the prime factors of 383878012?
2, 7, 13709929
What are the prime factors of 235861075?
5, 61, 211, 733
List the prime factors of 4200722168.
2, 17, 227, 136069
List the prime factors of 199877623.
11, 18170693
What are the prime factors of 64728250?
2, 5, 19, 13627
What are the prime factors of 1785667?
13, 137359
List the prime factors of 815057163.
3, 17, 41, 7643
List the prime factors of 391337464.
2, 7, 6988169
What are the prime factors of 28914465?
3, 5, 1927631
List the prime factors of 633372521.
233, 2718337
List the prime factors of 258569442.
2, 3, 19,